2022221211012
What is 11b2db (base 14) in base 2?
10010100001100100001
What is 1d159 (base 15) in base 10?
94809
What is 5872c (base 15) in base 5?
33003432
-1942582 (base 10) to base 8
-7322066
What is -1556842 (base 9) in base 12?
-35839b
66d967 (base 14) to base 8
15252067
Convert -31876a (base 13) to base 4.
-10123201013
ac26d (base 14) to base 8
1457451
Convert -14a047 (base 13) to base 14.
-d2d8a
What is 110011110100010011111 (base 2) in base 4?
12132202133
5b3d0 (base 16) to base 7
3114353
What is 18b3bbb (base 14) in base 10?
12265257
-540303 (base 16) to base 5
-2402141140
-14587288 (base 9) to base 2
-11011101100111001110011
What is -111111100010 (base 2) in base 7?
-14566
-a80d (base 14) to base 4
-13011131
Convert 959867 (base 10) to base 8.
3522573
What is 413400513 (base 6) in base 8?
33263175
Convert 2220101221 (base 3) to base 5.
3312112
1003525 (base 6) to base 12
235a5
Convert 191283 (base 12) to base 11.
279832
What is -698534 (base 10) in base 7?
-5636354
What is -35d8f (base 16) in base 6?
-4421035
-11101111000100010010111 (base 2) to base 9
-15658787
-182fa (base 16) to base 5
-11132231
What is 63642 (base 13) in base 9?
302516
What is 1468270 (base 14) in base 13?
209a692
210101102021 (base 3) to base 5
101432222
121333404 (base 5) to base 8
2141425
Convert 29aed (base 16) to base 6.
3354233
Convert 23743 (base 10) to base 8.
56277
What is 6336853 (base 9) in base 4?
30323301102
What is -30053504 (base 7) in base 4?
-21132123020
Convert -3571070 (base 8) to base 2.
-11101111001000111000
What is -431a8 (base 16) in base 8?
-1030650
-194aed (base 15) to base 8
-4544175
What is 37b338 (base 14) in base 16?
1d3176
-2a5cb (base 13) to base 8
-234350
Convert 578060 (base 10) to base 2.
10001101001000001100
42460523 (base 8) to base 4
202212011103
Convert 2401344 (base 5) to base 14.
12050
-4351554 (base 6) to base 7
-1562152
What is 4b0c (base 14) in base 4?
3031120
Convert 2020021211222 (base 3) to base 14.
22c687
Convert 101000011100100111001111 (base 2) to base 8.
50344717
93257a (base 12) to base 10
2305966
-10c0179 (base 13) to base 3
-100201122122110
What is -718036 (base 10) in base 5?
-140434121
What is 155655034 (base 7) in base 4?
220120110010
Convert -1101201210 (base 4) to base 15.
-68e19
What is 272409 (base 10) in base 15?
55aa9
Convert -425270 (base 8) to base 12.
-6a220
Convert 22403443 (base 5) to base 12.
98042
What is 37b29 (base 16) in base 9?
376845
-407452 (base 8) to base 9
-225108
255869 (base 12) to base 5
124024332
What is -21034341 (base 7) in base 3?
-10100002202200
What is 9054508 (base 11) in base 6?
1331233235
What is 1211302132 (base 4) in base 9?
704821
Convert -1431313433 (base 5) to base 13.
-a229b8
What is -1031243053 (base 6) in base 13?
-2378355
Convert 32222321133 (base 4) to base 13.
a485a2
10000001212 (base 3) to base 10
59099
What is -1044010413 (base 5) in base 6?
-121525430
Convert -17534 (base 13) to base 11.
-30753
8aa673 (base 11) to base 7
15213204
What is -5127365 (base 8) in base 10?
-1355509
What is -2635323 (base 8) in base 13?
-1c9c9c
629675 (base 10) to base 14
12568b
What is -20202100021120 (base 3) in base 14?
-695d83
What is -99016 (base 10) in base 9?
-160737
1010101101001101101111 (base 2) to base 8
12551557
What is -3c820 (base 14) in base 9?
-247403
Convert -111110011010011110 (base 2) to base 9.
-428611
What is 5039 (base 14) in base 6?
143431
What is 11011000101111011011 (base 2) in base 16?
d8bdb
Convert -110231521 (base 6) to base 8.
-7432011
2236702 (base 9) to base 15
18c33b
11010110001110111 (base 2) to base 12
53587
1594202 (base 11) to base 3
12002220010012
Convert 2103424421 (base 5) to base 4.
100213333133
-223001323 (base 4) to base 13
-622ba
Convert -186260 (base 9) to base 13.
-40b1b
What is -101c6e (base 15) in base 10?
-765554
3cc8e (base 16) to base 13
8942b
What is -4030820 (base 9) in base 12?
-875b69
What is 36266272 (base 8) in base 16?
796cba
What is c7619 (base 14) in base 5?
110401044
28533 (base 12) to base 4
31223313
Convert 8158097 (base 10) to base 5.
4042024342
Convert 142340133 (base 5) to base 16.
b6335
Convert 130442424 (base 5) to base 16.
9c56c
-314521203 (base 6) to base 2
-10101001010010010100011
Convert 1003410340 (base 5) to base 4.
13223200210
121505413 (base 6) to base 5
1043420012
Convert 63c95b (base 13) to base 11.
135a148
Convert -1611621 (base 11) to base 2.
-1010100000100000011100
Convert 24622242 (base 7) to base 15.
2de010
Convert -133215 (base 10) to base 13.
-48834
Convert -635372 (base 8) to base 2.
-110011101011111010
Convert -b7b2 (base 13) to base 4.
-12032113
Convert -6072648 (base 9) to base 5.
-1312032221
-12000220120 (base 3) to base 13
-36135
3240343 (base 5) to base 11
38958
-344333 (base 9) to base 11
-131230
-35962 (base 10) to base 13
-134a4
What is -102110100102 (base 3) in base 16?
-370eb
-209b1a (base 14) to base 15
-16ba19
What is 100010000210202 (base 3) in base 5?
2214430410
109a2a6 (base 14) to base 2
11110001001100000011010
What is 33dc09 (base 15) in base 3?
11122211020100
Convert 27f90 (base 16) to base 9.
268530
What is -2908f9 (base 16) in base 6?
-133350201
Convert 87bc42 (base 13) to base 6.
152302412
-987517 (base 10) to base 13
-28763b
Convert 1243340141 (base 5) to base 2.
1011110110001110000111
3426525 (base 8) to base 3
1202012111110
-220330231330 (base 4) to base 10
-10734460
22354546 (base 7) to base 10
1946461
Convert 1946969 (base 11) to base 6.
154253342
-37927 (base 10) to base 4
-21100213
-308bc2 (base 16) to base 13
-875163
-1a7b19 (base 16) to base 11
-a85961
What is -11444404 (base 5) in base 14?
-2bbd0
What is 12a54a8 (base 11) in base 15?
2e5d20
-190526 (base 10) to base 11
-120166
80017 (base 10) to base 13
2a562
-31135005 (base 8) to base 4
-121023220011
What is -a190c0 (base 14) in base 3?
-101020110100210
Convert 3262311 (base 7) to base 9.
672153
What is -1682905 (base 10) in base 15?
-23398a
-1022232100 (base 5) to base 7
-24160244
-b498b5 (base 16) to base 8
-55114265
237924 (base 13) to base 15
11a669
What is 3265084 (base 9) in base 15?
24a23d
Convert -1011011110011010010 (base 2) to base 10.
-376018
Convert -1acb0ab (base 13) to base 9.
-17674721
What is -5dca8 (base 16) in base 14?
-a0008
What is -6334735 (base 9) in base 16?
-33b63f
What is 484ba4 (base 13) in base 10?
1724441
-60f67e (base 16) to base 2
-11000001111011001111110
What is -14155150 (base 8) in base 15?
-43397a
What is -62e4f7 (base 16) in base 3?
-110012021110100
What is -103330424 (base 5) in base 4?
-1231211200
Convert -5468358 (base 9) to base 8.
-13154017
What is -1022111332 (base 4) in base 5?
-34221020
Convert -247626 (base 12) to base 3.
-1010011021010
What is -21cb0 (base 15) in base 7?
-625245
What is -677620 (base 8) in base 6?
-4525224
Convert -1030444042 (base 5) to base 10.
-2203022
What is 711313 (base 12) in base 15?
24cd40
58001 (base 11) to base 6
1444114
20124414 (base 6) to base 11
360216
What is -2bc478 (base 13) in base 6?
-35122012
-10871631 (base 9) to base 15
-6eb1c1
Convert -268651 (base 13) to base 10.
-932608
-212022211201 (base 3) to base 4
-1300012102
Convert b9c5 (base 13) to base 10.
25849
What is -7677b (base 14) in base 13?
-a074c
-29e0 (base 15) to base 2
-10001100011001
112000021220 (base 3) to base 11
179215
Convert -120364 (base 10) to base 9.
-203087
-14da78 (base 14) to base 9
-1331271
Convert -623505 (base 8) to base 3.
-101111111010
-1434bb5 (base 13) to base 15
-868c09
-588186 (base 9) to base 13
-c5007
Convert -b8f6d (base 16) to base 11.
-47822a
Convert -1100010011000100000011 (base 2) to base 14.
-5dcc03
What is -2590009 (base 10) in base 8?
-11702471
What is 1812907 (base 10) in base 2?
110111010100110101011
Convert 2ea0 (base 15) to base 8.
23502
Convert 49887 (base 11) to base 5.
4242411
-121c0e8 (base 15) to base 16
-c6600e
What is 5523424 (base 7) in base 16?
a59b5
What is 100101100010100111010 (base 2) in base 15?
194743
125d446 (base 15) to base 10
13207341
What is 10611453 (base 7) in base 6?
31513203
Convert -19fdb (base 16) to base 3.
-12102000221
What is 110100111101101011010 (base 2) in base 15?
24435e
What is 5330400 (base 6) in base 11?
168906
Convert -585ac3 (base 14) to base 16.
-2df6cb
What is 90391 (base 15) in base 8?
1573364
What